pose 0 = x - 4*o - 4 - 6, -2*o - 16 = 5*x. Let f be ((-28)/(-8) + x)*50. Suppose -f = 5*u - 8*u. What are the prime factors of u?
5
Suppose w + 3*s + 49 = -12, 373 = -5*w + 2*s. Let t = w - -140. What are the prime factors of t?
67
Suppose 12 = 2*z - 12. Let k = z - 12. Let l = k + 5. What are the prime factors of l?
5
Suppose -5*s = -5*i + 45, 2*i + i - s = 35. Let t(b) = b**3 + 3*b**2 - 5*b - 3. Let r be t(-4). Let l = r + i. List the prime factors of l.
2, 7
Let j(p) = -5*p**3 + 87*p - 3 - p**2 - 89*p + 0*p**2. List the prime factors of j(-2).
37
Let g = -246 + 580. What are the prime factors of g?
2, 167
Let k(i) = 7*i**3 + 5*i**2 - i + 37. Let x(h) = -h**3 + h**2 - h - 1. Let l(g) = -k(g) - 6*x(g). What are the prime factors of l(-13)?
2, 3
Let n(q) = -4*q**3 + 8*q**2 + 4*q - 10. Let x(j) = 3*j**3 - 5*j**2 - 3*j + 7. Let m(u) = 5*n(u) + 7*x(u). Let k = 156 - 161. What are the prime factors of m(k)?
2
Let w be 16/(12/3) - -1. Let r(j) = w*j**2 - 4*j**2 - 2*j - 3 + 6 + j**3. What are the prime factors of r(2)?
11
Let v be (-6)/(-5)*40/(-3). Let y = -16 - v. Suppose -4*x - 7 + 111 = y. What are the prime factors of x?
2, 13
Let t(s) = s**3 + 2*s**2 - 2*s - 1. Let o be t(-2). Suppose -j - 2*j + 12 = 0. Suppose -3*q + 5*q = -2*c + 2, j*c = -o*q - 2. List the prime factors of q.
2, 3
List the prime factors of (-24)/(-6) + 382 + -2.
2, 3
Suppose 40 - 16 = -4*c. Let r = c - -4. What are the prime factors of r/6 + 988/39?
5
Let h = 23 + -21. Suppose 3*s + 49 = -0*k + 5*k, -4*s - h*k = 22. Let y = 49 + s. List the prime factors of y.
41
Suppose -3*u + 3*h + 587 = 161, -4*u = -3*h - 573. What are the prime factors of u?
3, 7
Suppose 0 = -0*s - s. Let c be 3 + (-4)/(-12)*s. Suppose 3*b - c - 39 = 0. What are the prime factors of b?
2, 7
Suppose 0 = -5*y - a + 89 - 20, 0 = 2*y + 5*a - 23. Suppose 0 = -3*g + g + y. Suppose -g = -5*z + 23. What are the prime factors of z?
2, 3
Suppose 0 = -2*h + y - 45 - 14, -h - 40 = 3*y. Let p = 65 + h. What are the prime factors of p?
2, 17
List the prime factors of (17/17)/((-2)/(-1412)).
2, 353
Let y(s) = 287*s**2 + 10*s - 8. List the prime factors of y(1).
17
Let y(t) = -7*t**2 + 12*t - 1. Let v(b) = b**2 - 1. Let j(f) = 6*v(f) + y(f). Suppose -15*h + 82 = -68. List the prime factors of j(h).
13
Let g(l) = 12*l**2 + 4*l - 35. What are the prime factors of g(5)?
3, 5, 19
Let h = -46 + 67. Suppose -3*s + h = -3. Suppose 3*t = 1 + s. List the prime factors of t.
3
Let d(v) = v + 4. Let x be d(-4). Suppose 3*j - 5*o + 24 = 4*j, x = 5*j - 4*o + 25. What are the prime factors of j/(-1 + (-36)/(-38))?
19
Let l(o) = -o**2 - o + 28. Let c = 0 + 6. Suppose m = c*m. List the prime factors of l(m).
2, 7
Let n(p) = -p**2 + 23*p + 3. Let t be n(21). Let o be (-4)/18 - 8/(-36). Let g = o + t. What are the prime factors of g?
3, 5
Suppose 6*y - 4*y = 18. Suppose 3*k = y + 42. What are the prime factors of k?
17
Suppose -20 = -6*j - 140. Suppose -5 = 2*r - 21. What are the prime factors of (-1095)/j + (-6)/r?
2, 3
Let j be (-26)/(-8) - (-3)/(-12). Suppose -4*d - 5*f - 76 = 0, -5*d = -0*d - j*f + 58. List the prime factors of (-354)/(-14) + 4/d.
5
Suppose 0 = 4*q - 3*o - 599, 0 = -4*q + o + 356 + 241. Let c = q - 70. List the prime factors of c.
79
Let p = 6 - -1077. What are the prime factors of p?
3, 19
Suppose 3*a - 12*x = -14*x + 1924, -644 = -a - 2*x. What are the prime factors of a?
2, 5
Suppose -a + 5 = 4*a. Let q(k) = -4*k + a + k + k + 10*k**2 + 4*k. What are the prime factors of q(-1)?
3
Suppose 8302 = 4*o - 1410. Let f be 10/55 - o/44. Let g = 103 + f. List the prime factors of g.
2, 3
Suppose 35 - 10 = 5*d. Suppose -d*y - 3*b + 147 = 0, 3*y - 3*b - 2*b = 95. List the prime factors of y.
2, 3, 5
Suppose -12*q + 104 = 32. List the prime factors of 4/(-6)*-3 - (-16 - q).
2, 3
Let o = -34 + 20. Let b(u) = -u**2 - 13*u + 17. Let p be b(o). Let v(r) = 6*r - 10. What are the prime factors of v(p)?
2
Let j(q) = q**2 - 15*q - 28. Let m be j(17). Let t(g) = 4*g**2 + 2*g + 29. What are the prime factors of t(m)?
5, 37
Let t(g) = 2*g**2 - 16*g - 15. Suppose 25*d - 12 = 27*d. List the prime factors of t(d).
3, 17
Let o be (2 - 0)*15/(-6). List the prime factors of (-1)/o + (-2770)/(-25).
3, 37
Let l be 0 + 3 + -1 - -1. Suppose l*y - 73 = 203. Suppose d - y = -3*d. What are the prime factors of d?
23
Suppose -419*g + 3870 = -409*g. List the prime factors of g.
3, 43
Let a(u) = 4*u - 2. Let k(n) = -3*n + 2. Let o(d) = -2*a(d) - 3*k(d). Let r be o(4). Suppose r - 11 = -t. List the prime factors of t.
3
Let r be (-2 - -2)*(-3 + 28/8). What are the prime factors of (112 - 5) + (r - 3)*1?
2, 13
Let i = -34 + 58. Suppose i = 13*l - 12*l. List the prime factors of l.
2, 3
Let f(n) = -4*n**3 - 4*n**2 + 3*n - 2. Let d be f(-4). Suppose 203 = 3*s - d. List the prime factors of s.
127
Let q = 8 - 7. Let z be (-2)/q + 9 + -3. Suppose -6 = -4*y - 4*h + 18, z*h - 14 = y. What are the prime factors of y?
2
Let i = -8 - -14. Let a = i - 0. Suppose -a*p = -p - 60. What are the prime factors of p?
2, 3
List the prime factors of ((-10)/3 - 14/21) + 2344.
2, 3, 5, 13
Suppose 5*q = -t + 7, -1 + 6 = 3*t - q. Suppose 6*x - t*x = 944. What are the prime factors of x?
2, 59
Let p(h) = -34*h**3 - 2*h**2 - h. Let d be p(-1). Let c = d + -24. Suppose -c = -4*v - 4*r + 191, 44 = v - r. What are the prime factors of v?
47
Let t(z) = -29*z - 3. Let v(h) = 29*h + 4. Let j(a) = 5*t(a) + 4*v(a). What are the prime factors of j(-2)?
59
Let k = 257 - 133. Suppose 2*h - k = h. What are the prime factors of h/2 - (-1 + 1)?
2, 31
List the prime factors of 521 + 0 - 400/40.
7, 73
Let p = -16 - -19. Suppose 0 = 2*l - c - 49, 2*c - p*c - 25 = -l. List the prime factors of l.
2, 3
Let m be 4/10 - 40/(-25). Suppose -a + 16 = 3*a. Suppose m*s - 3*c = 54, -c - 88 = s - a*s. List the prime factors of s.
2, 3, 5
Suppose 2*v - 9 = 3*v - 3*w, -v - w + 7 = 0. Suppose -5*f - 2*s = -706, 4*f + v*s = f + 429. List the prime factors of f.
2, 5, 7
Suppose -3*p = 2*o - p - 396, 5 = -p. Suppose o = 3*b - 157. Suppose -b = -5*t + 85. What are the prime factors of t?
41
Let o = 927 - 651. List the prime factors of o.
2, 3, 23
Let l = -52 - -56. Suppose -7*m = -12*m - l*o + 1260, -2*o + 252 = m. What are the prime factors of m?
2, 3, 7
Let z(f) be the third derivative of 3*f**4/8 - f**3 - 5*f**2. List the prime factors of z(10).
2, 3, 7
Let n(u) = -u**3 + 11*u**2 - 17*u. Let b be n(9). Suppose -k - 44 = -3*k. Suppose -7*z = -b*z + k. What are the prime factors of z?
11
Let n(u) be the first derivative of u**4/4 - u**3/3 + 2*u**2 - 4. Suppose 0*l = -5*l + 5*b + 10, 2*b = -4*l + 14. What are the prime factors of n(l)?
2, 3, 5
Suppose 178*r = 173*r + 2855. What are the prime factors of r?
571
Let n(g) = g**2 + 13*g + 14. What are the prime factors of n(10)?
2, 61
Let p(q) = -9*q**3 + 3*q**2 + 2*q + 2. Let k be p(-2). Suppose -5*h - 27 + k = 0. List the prime factors of h.
11
What are the prime factors of 56/(-7) + (-7758)/(-6)?
5, 257
Let c = -3 + -2. Let l = 124 + c. List the prime factors of l.
7, 17
Let g be 4/10 + 84/(-10). Let r = g + 11. Suppose 2*q = 3*k + 41, r*k = -0*k - 3. List the prime factors of q.
19
Let l(b) = 3*b - 3. Let i be (-162)/(-24) - 4/(-16). What are the prime factors of l(i)?
2, 3
Suppose 0 = -4*b + m + 4, -12 = 6*b - 3*b + 3*m. Suppose b = 3*n - 44 - 46. What are the prime factors of n?
2, 3, 5
Suppose 0 = z - 5*z + 336. Let s = 175 - z. List the prime factors of s.
7, 13
Let z be -1 - 6 - (-19)/(-19). Let k(p) = -p + 28. List the prime factors of k(z).
2, 3
Let p(z) = -133*z + 6. What are the prime factors of p(-4)?
2, 269
Let b(k) be the first derivative of -k**3/3 + 6*k**2 + k + 1. Suppose 4*r = -5*p - 10 + 44, -3*r = 12. List the prime factors of b(p).
3, 7
List the prime factors of 3786 + ((-54)/90)/((-2)/10).
3, 421
Suppose 3*i + 25 = 4*i - 5*a, -3*i = -2*a - 10. List the prime factors of (-2420)/(-36) + i - (-8)/(-36).
67
Let z(w) = -2*w**2 + 11*w - 3*w + 3*w**2 - 23 - 4*w. Let y be z(-17). Suppose -u + 2*u = 4*f + 54, -4*f = 5*u - y. What are the prime factors of u?
2, 3, 7
Let x be (-7)/(-2) + (-6)/(-12). Suppose -4*r - 8 = 0, -7*t + 4*r + 344 = -x*t. List the prime factors of t.
2, 7
Suppose 4*b = -5*a + 2703, -5*b + 3430 = 5*a - 9*a. List the prime facto